digit of u?
1
Suppose -m - 5*k = -45, -155 = -5*m + m + 5*k. What is the units digit of m?
0
Suppose -3*i + 5*q + 207 = 0, -2*i - 4*q + q = -119. What is the units digit of i?
4
Suppose -5*w + 254 = -426. What is the hundreds digit of w?
1
What is the units digit of (1 + 89)*(-6)/(-15)?
6
Let g = 91 - 61. What is the tens digit of g?
3
Let d(h) = h - 2 - h + h**2 - 3*h. Let z be d(4). Suppose -z*t + 24 = -0*t. What is the units digit of t?
2
Suppose -4*q = -s + 2, q + 3*s + 0*s + 7 = 0. What is the units digit of q/((3/(-2))/3)?
2
Let l(q) = q**3 + 6*q**2 + 4*q - 3. Let g = 4 + -9. Let a be l(g). What is the units digit of -1 - -2 - a/(-1)?
3
Suppose 3*a - 67 - 29 = 0. Suppose a = 2*t - 32. What is the units digit of t?
2
What is the tens digit of (-8364)/(-85) + (-6)/(-10)?
9
What is the tens digit of (6 - 4) + 60 + -2?
6
Suppose -8*b + 3*b = -30. What is the units digit of (-570)/(-20)*4/b?
9
Let k(m) = m + 6. Let w = 3 - 3. Let x be k(w). What is the units digit of ((-8)/x)/((-14)/105)?
0
Suppose r = 4*n - 353, r - 205 = -3*n + 51. What is the units digit of n?
7
What is the tens digit of (-6)/(-9)*180/1 - -1?
2
Suppose -2*n = -n - 3. Suppose -16 = -n*r + 2. What is the units digit of r?
6
Let x(a) = a**2 - 3*a + 2. What is the tens digit of x(-5)?
4
Let b be (-23)/(-4) + (-1)/(-4). Let o = b - 6. Suppose -5*q - 3 - 7 = o, -a - 3*q + 3 = 0. What is the units digit of a?
9
Let w(a) = -3*a**2 - 21*a - 21. Let c(o) = 5*o**2 + 32*o + 31. Let i(p) = 5*c(p) + 8*w(p). Let g be i(10). Let b = g - 5. What is the units digit of b?
2
Let p(i) = i**3 - 4*i**2 + i - 4. Let o be p(4). Suppose 3*d - 78 - 15 = o. What is the tens digit of d?
3
Let b = 118 + -10. Suppose -14*a + b = -10*a. What is the units digit of a?
7
Suppose -2*x + 6 + 0 = 0. Suppose p = -2*a - 9, p + 6 = x*a + 17. Let g(j) = -15*j**3 - j**2 + j + 1. What is the tens digit of g(p)?
1
Let o(c) = -c + 2*c - 1 + 6. Let x be o(-4). What is the units digit of 9 + (x + -4)/(-3)?
0
Suppose 2*u - 2*k - 11 = -1, -2*u - 3*k = 5. What is the units digit of u?
2
Let c(l) = -l**3 + 4*l - 1. Let k be c(-3). What is the units digit of 4/k - (-48)/28?
2
Let r = 37 + -27. Let v(x) = -x**2 + 15*x - 9. What is the tens digit of v(r)?
4
Let m(a) = -a**3 - 5*a**2 - 5*a - 1. Let p(y) = -y**3 - 5*y**2 - 2*y + 3. Let w be p(-4). What is the tens digit of m(w)?
2
Suppose 3*n - 3*i = -i + 51, -5*i = n. Suppose -3*f = -5*d + 237, -n - 230 = -5*d + 5*f. What is the units digit of d?
5
Let f(n) = n**2 + 7*n + 7. Let g(t) = t + 2. Let r be g(-12). What is the tens digit of f(r)?
3
Let a(v) = -v**3 + 4*v**2 + 5*v + 3. Let r be (33/(-9) + 2)*-3. Let d be a(r). Let n = d - 2. What is the units digit of n?
1
Let d = 27 - 5. Suppose -4*q = d + 2. Let z = q + 21. What is the units digit of z?
5
Let d(l) = 3*l**2 - 21*l - 5. What is the units digit of d(11)?
7
Suppose 0 = -4*z + m - 6*m - 33, -4*z - 4*m - 32 = 0. Let d = 11 + z. What is the units digit of d?
4
Let t = 100 + -14. What is the units digit of t?
6
Let c(m) = m - 7. Let o be c(10). Suppose o*r - 63 = 6. What is the tens digit of r?
2
Let m(i) = -74*i**3 - 2*i - 2. What is the units digit of m(-1)?
4
Suppose 33 = -3*a - 5*r + 451, 2*r - 703 = -5*a. What is the tens digit of a?
4
Suppose 2*y + 2 = 5*h - 8, 0 = -2*y - 3*h + 22. Suppose -5*b = -3*z + 12, 8 = 2*z - y*b - 0*b. What is the units digit of z?
4
Suppose -2*g = 2*g - 4. What is the tens digit of (0 - (0 + -11))*g?
1
Let g be (-58)/(-14) - (-1)/(-7). What is the units digit of (g + (-18)/4)*-46?
3
Let p = 28 - 5. What is the tens digit of p?
2
Suppose 2*z + 7 = 19. Let d(t) = z*t**2 + 2*t + 10*t - 7*t**2 - 1. What is the units digit of d(11)?
0
Let q be (-4)/(-14) - (-16)/(-7). What is the units digit of ((-36)/45)/(q/20)?
8
Let b = 0 + -7. Let n = 17 + b. What is the units digit of n?
0
Let y(u) = 3*u**3 - 3*u**2 - 3*u - 4. Suppose o - 3*p + 2 = -2*p, -3*o - p = -14. What is the tens digit of y(o)?
4
Let o = 2 - -12. What is the units digit of (-102)/4*o/(-21)?
7
Let j = -3 + 5. Suppose 2*z = j*c + 30, -2*z + 43 = z - c. What is the tens digit of z?
1
Let f = -3 - -17. Suppose 0 = -m + f - 3. What is the tens digit of m?
1
Suppose 6*a = -5*a + 572. What is the tens digit of a?
5
Let p be (9/((-9)/10))/2. Let z(y) = y**2 + y - 5. What is the units digit of z(p)?
5
Suppose -5*x - 28 - 12 = -5*t, 2*t - 26 = 4*x. Let p(g) = -g**3 + 3*g**2 + 5*g - 4. Let i be p(4). Let y = i - x. What is the units digit of y?
5
Suppose -6*t + 0 = -78. What is the tens digit of t?
1
Suppose 0 = -6*w + 840 + 912. What is the hundreds digit of w?
2
Let r be 0 + 4 + 0 + -1. Let l be ((-4)/(-4))/(r/12). Let u = 2 + l. What is the units digit of u?
6
Let a = -6 + 10. Suppose p + 39 = a*p. What is the tens digit of p?
1
Let b = 23 - -1. What is the tens digit of b?
2
Suppose 0 = 4*v - 0*v - 104. What is the units digit of v?
6
Let o(b) = 6*b - 8. Let g be o(6). What is the tens digit of (21/g)/(2/32)?
1
Let b be 19/4 - (-5)/20. Let w(m) = m**3 - 5*m**2 + 6*m + 5. Let q be w(b). Suppose 4*t + t = q. What is the units digit of t?
7
Suppose 0*j - 16 = -j. What is the units digit of (1*j/(-1))/(-2)?
8
Let h(s) = 2*s**2 + 10. What is the units digit of h(9)?
2
Let l(w) = w**3 - 3*w**2 - w + 3. Let h be l(3). Suppose h*k + 9 = k. What is the units digit of k?
9
Let z be 4/24*-4*-15. Suppose 2*b = 5*x + 21, -b + 2*x + 3 + z = 0. What is the units digit of b?
3
Suppose 0*z - z = -2. Let p be 27/z + 6/(-4). Let i = p - -5. What is the units digit of i?
7
Suppose 2*m - 18 = -2*k + 22, -4*m - 20 = 0. What is the units digit of k?
5
Suppose -4*z = -2*p + 36, 0 = p - z - 26 + 3. What is the tens digit of p?
2
Let w(b) = -b. Let i be w(-5). Suppose -i = 3*j + 4*d + 3, 4*d = 3*j - 32. What is the units digit of j?
4
What is the units digit of -1 + -3 + 3 + (-2 - -11)?
8
Let o(v) = 2*v**3 - 4*v**2 + 3*v - 1. Let s be o(2). Suppose 4*w - 71 = -3*l + s*w, 4 = w. What is the units digit of l?
5
Let b(x) = -x**3 + x + 17. What is the tens digit of b(0)?
1
Suppose 9*k - 4*k - 195 = 0. What is the units digit of k?
9
Let c = -45 - -21. Let k = -73 + 118. Let w = c + k. What is the tens digit of w?
2
Suppose 5 = p + 3*s, -3*p - 3*s = -7*p + 50. Suppose 2*d + 3 - p = r, 4*d - 14 = 3*r. What is the units digit of r?
2
Suppose -n + 252 = 22. What is the tens digit of n?
3
Suppose -2*s + o + 6 = 0, 6*s - 3*o = s + 17. Let k(z) = -2*z - 4. Let q(r) = r**2 - r - 1. Let c(a) = -k(a) + 3*q(a). What is the units digit of c(s)?
3
Suppose -5*k + 2*r = -920, -5*k - 2*r + 1241 = 321. What is the tens digit of k?
8
Suppose -o + 6 = -4*o. What is the units digit of (-10)/(-20) - 1/o?
1
Suppose -4*s = s - 390. What is the tens digit of s?
7
Let s(i) = 10*i**2 - 3*i + 2. What is the units digit of s(-3)?
1
Suppose -4*f + 194 - 7 = -3*p, -3*p + 43 = f. What is the units digit of f?
6
Let f(g) = g**2 + 8*g - 6. What is the tens digit of f(-13)?
5
Suppose -2*w + 1 + 12 = -3*u, 0 = -w + u + 5. Suppose -2*g = 3*a - 12, -w*g + 2*a = 6*a - 8. What is the units digit of g?
2
Let f(k) = k**3 + 8*k**2 - k + 4. Let d be f(-8). Suppose 0 = -3*i - 3*g + 3, -2*g - 2*g = -d. What is the units digit of 6/(-4)*i*1?
3
Let g be (3/9)/(2/12). Let n be ((-2)/2 + g)*25. Suppose n - 1 = 3*b. What is the units digit of b?
8
Let k(r) = -r**3 + 2*r**2 - 1. Let j be k(1). Suppose -4*o + 137 - 37 = j. What is the units digit of o?
5
Let u(l) = -l**3 - 6*l**2 - 6*l. Let t(n) = -n + 1. Let r be t(6). Let h be u(r). Suppose h*w = 15, -5*w = 5*v - 18 - 32. What is the units digit of v?
7
Let u = -130 - -218. What is the units digit of u?
8
Suppose 6*g - 10*g + 20 = 0. What is the units digit of (g + -15)/(1/(-1))?
0
Suppose 8*x = 4*x + 96. What is the units digit of x?
4
Let t be 4/(-10) + 85/25. Suppose 0 = t*p + 2*p - 4*q - 20, -q = -2*p + 8. What is the units digit of p?
4
Suppose -a - 4*a + 20 = 0. Suppose -3*s = 5*j + 15, -6*s + s - a*j - 12 = 0. Suppose s*r = -5*r + 50. What is the tens digit of r?
1
Suppose 5*c + 78 = 4*g, -59 = -5*g + c + 49. What is the units digit of g?
2
Let q(t) = -t**2 + 9*t - 8. Let y be q(8). Suppose y + 6 = w. What is the units digit of w?
6
Let k(s) be the first derivative of s**4/2 - 2*s**3/3 - s**2/2 + 2*s - 3. What is the units digit of k(2)?
8
Let d = -12 + 6. L